20 = -2*m - 3*t. What is the greatest common factor of 37 and m?
37
Suppose -58 + 19 = -3*g. Let v = -9 + g. What is the highest common factor of v and 10?
2
Let c(u) = u**2 + 5*u - 37. Let j(m) = m**2 + 6*m - 37. Let l(i) = 5*c(i) - 4*j(i). Let d be l(16). Calculate the highest common factor of d and 47.
47
Suppose -5*g - 7*h + 14 = -10*h, 2*g + 4*h = 16. Calculate the highest common factor of g and 244.
4
Let j be (-4 + -2)*(-15)/9. Suppose -3*s + i + 106 = -57, -4*s + 224 = 2*i. Let b = s + 15. What is the highest common divisor of b and j?
10
Let p(i) = 9*i + 9. Let b be p(7). Let t be (-2 - 43/(-4)) + 3/12. What is the highest common factor of b and t?
9
Let v = -8 + 18. Let g be (-3 + v/4)*-2. Suppose -11 = -y + g. Calculate the greatest common divisor of y and 96.
12
Suppose -4 = 2*t + 4*s, -s + 7 = 4*t + 1. Suppose 3*j = 4*z - z - 111, -192 = 5*j + t*z. Let m = 70 + j. What is the greatest common divisor of m and 8?
8
Suppose 1 = a, 2*p - a - 27 = -0*a. Let r = p + 30. Let d = 77 - r. What is the highest common factor of d and 3?
3
Let x(y) = -11*y - 158. Let u be x(-18). What is the highest common factor of 170 and u?
10
Let u = 53 + 5. Suppose -2*z + 7 = 3*d - 0*d, 3*z - 5*d - u = 0. What is the greatest common factor of z and 11?
11
Suppose 1002 = -5*p - 943. Let f(l) = 5*l**2 + 10*l - 13. Let v be f(10). Let q = v + p. Calculate the highest common divisor of 18 and q.
18
Suppose p - 1 = -3*c - 6, -4*c + 5*p = -6. Let o(m) = 25*m**2 + m. Let l be o(c). Let u be ((-1)/(-3))/(2/l). Calculate the greatest common divisor of u and 24.
4
Let z = 1174 - 1143. What is the highest common divisor of z and 155?
31
Let u be (-1 - -7) + (1 - 2). Suppose -5*c + 5*s = -615, -5*c - 3*s = -326 - 313. Suppose 122*t = c*t - 100. Calculate the greatest common factor of t and u.
5
Suppose -y + 25 = 4*b - 5, 74 = 5*y + b. Suppose -5*a - 52 = -2*j, 3*j - 179 = 4*a - 108. What is the highest common factor of y and j?
7
Let l be (11/(-44))/(0 - (-1)/(-4)). Let d be (46/69)/(l/33). Calculate the highest common factor of 22 and d.
22
Suppose c + 2*c = -18. Let v = 1 - c. Let w be 7/(1/((-28)/(-4))). Calculate the highest common divisor of v and w.
7
Let d(h) = -h**2 + 17*h - 3. Let t be d(11). Let b = 20 - 13. Calculate the highest common factor of b and t.
7
Suppose -6*a + 162 = -258. What is the greatest common divisor of a and 14?
14
Suppose -3*p + 428 = 2*y - 5*p, y + p - 216 = 0. Let w = y + -413. Let i be w/(-45) + 2/(-5). What is the greatest common divisor of i and 2?
2
Suppose -439*c = -431*c - 96. Calculate the highest common divisor of c and 36.
12
Let t = 3 - 1. Suppose 0 = -w - 2*f + 18, 0 = 3*w + t*w + f - 108. Calculate the highest common factor of 88 and w.
22
Suppose -18*w + 8*w = -330. Suppose 17 - 5 = 4*m. Calculate the greatest common divisor of m and w.
3
Suppose -82 = -8*m - 18. What is the greatest common factor of m and 712?
8
Let u(b) be the third derivative of b**5/60 + b**4/8 - 5*b**3/2 + 17*b**2. Let s be u(5). What is the highest common divisor of 100 and s?
25
Let r(k) = 83*k**3 - k**2 + 3*k - 8. Let n be r(2). What is the highest common factor of 141 and n?
47
Let r be 18/12*44/3. Let d = 23 - -18. Let j = 129 - d. Calculate the greatest common factor of j and r.
22
Let o be (6/4 + -3)/((-9)/66). Suppose 0 = -q + o*q - 290. Calculate the highest common factor of 87 and q.
29
Let f be 1/(3/15) + 4. Let a be f/(27/6) - 0. Suppose 120 = 3*b - a*b. Calculate the greatest common divisor of b and 15.
15
Let j = -12 + 167. Calculate the highest common divisor of j and 186.
31
Suppose 6*o + 1426 - 3634 = 0. Calculate the highest common divisor of o and 23.
23
Let s(q) = -7*q**3 - q. Let r be s(-1). Suppose 0 = -5*y - o - 162, 3*o - 174 = y + 4*y. Let c = y + 57. What is the highest common factor of r and c?
8
Let b be (-5)/90*-66*9. Suppose 7*u = a + 2*u - 31, -3*a = 2*u - 25. What is the highest common factor of a and b?
11
Let j be 2/5 - 1520/50. Let m = 43 + j. Calculate the highest common factor of 143 and m.
13
Let y be (-3)/((-48)/(-9) + -5). Let s be y/(-27) + (-53)/(-3). What is the highest common factor of 27 and s?
9
Let z(c) = 84*c - 135. Let f be z(5). Calculate the greatest common divisor of 57 and f.
57
Suppose 18*g - 6156 = -18*g. Calculate the greatest common factor of g and 266.
19
Suppose 105 = -x - 5*j, -4*j - j + 135 = -2*x. Let w = x - -90. What is the greatest common divisor of w and 10?
10
Suppose -18*l - 2 = -38. Calculate the greatest common divisor of 17 and l.
1
Let x(a) = a**2 - 12*a + 10. Let w be x(11). Let m be -5*(w - (-6)/(-15)). What is the greatest common divisor of m and 7?
7
Let k(c) be the second derivative of -c**4/6 + 43*c**3/6 - 22*c**2 - 40*c. Let w be k(20). What is the greatest common factor of 80 and w?
16
Let f = 13 + 10. Let s be (-2)/(-18) + 8270/90. Calculate the greatest common divisor of s and f.
23
Suppose -4*t - 43 = -3. Let r = t + 22. What is the highest common divisor of 72 and r?
12
Suppose -895*f = -903*f + 152. Calculate the highest common factor of f and 247.
19
Let r be (-9)/6*10/3. Let t be (-22)/(-5) - (-2)/r. Suppose -j + 2 = 0, 2*y + 3*j = 18 + 60. What is the greatest common factor of y and t?
4
Let r be 3 + 0 - (-228 - (2 - 2)). What is the greatest common factor of r and 66?
33
Let i = -354 - -502. Calculate the highest common divisor of i and 222.
74
Let i = 212 + -206. Suppose -4*w = -4*z - 12, -w + 2*z - 2 + 0 = 0. Let t = 1 + w. Calculate the highest common divisor of t and i.
3
Let j(h) = 604*h - 4742. Let o be j(8). Suppose -k + 4*k = 30. Calculate the greatest common factor of k and o.
10
Let n(s) = 15*s. Let x be n(1). Let j(q) = -3 - q**3 + 33*q - 3 + 18*q**2 - 4*q**2. Let v be j(16). Calculate the greatest common factor of v and x.
5
Let k be -2*(-5 + (-20)/(-8)). Let y(f) = -f**3 + 8*f**2 - 10*f + 8. Let a be y(6). Suppose -k*h + a = -h. Calculate the greatest common factor of h and 45.
5
Let b(w) be the second derivative of 1/6*w**3 + 3*w + 3/2*w**2 + 7/12*w**4 + 0. Let j be b(-3). What is the greatest common factor of j and 7?
7
Suppose -16*c + 12*c = -5*g - 259, 2*c - 152 = -2*g. What is the greatest common divisor of c and 1207?
71
Suppose 2*o - 34 = -f, 4*o - 64 = -f - 2*f. Let v(b) = -21*b**3 + 2*b**2 + 2*b - 1. Let u be v(-2). What is the greatest common factor of u and o?
19
Let r(p) = p**3 - 16*p**2 + 5*p - 24. Suppose -32 = 3*v - 5*v. Let a be r(v). What is the greatest common factor of a and 8?
8
Let o = 375 - 361. Calculate the highest common divisor of o and 4.
2
Let p(q) = -5*q - 12. Let x be p(-9). Let r be 5/(-10)*2*1*-3. Calculate the highest common divisor of x and r.
3
Let k = 11 - 8. Let p be 3/(k/14) + -3. Suppose -p = 2*z - 25. Calculate the highest common divisor of 63 and z.
7
Let m be (-48)/40*(-10)/3. Let r(y) = y**3 + y**2 - 3*y + 1. Let q be r(m). Suppose -q = b - 4*b. Calculate the highest common divisor of 92 and b.
23
Suppose 0 = -3*b - 8 - 4, -3*b - 212 = -4*p. Calculate the highest common factor of p and 10.
10
Suppose 4*t - 2*t - 4 = 0. Suppose -3*o + 5*x + 69 = 0, o + 4*x = -0*x + 6. Calculate the greatest common factor of o and t.
2
Let u be 18510/9 + (-46)/69. What is the greatest common divisor of 8 and u?
8
Let t(x) = 152 + 4*x - 5*x**2 + 6*x**2 - 161. Let f be t(-7). Calculate the greatest common divisor of 3 and f.
3
Let w(x) = 2*x**2 + 3*x - 3. Let a be w(-3). Let b = a - -4. Let f = 24 - b. Calculate the highest common divisor of f and 7.
7
Suppose -7*j - 145 = -10*j - 5*q, 2*j + q - 85 = 0. Calculate the greatest common factor of 88 and j.
8
Let z be ((-104)/12 + 2)*-15. Suppose 0*t - 2*t + z = 0. Calculate the highest common factor of 10 and t.
10
Suppose -13 = -9*d + 5. Suppose 2*j + 20 = q, d*q + 3*q = -j + 111. Calculate the highest common divisor of 176 and q.
22
Suppose 0 = -5*d - 268 + 2023. Calculate the greatest common divisor of d and 27.
27
Suppose -4*z + 360 = 72. Calculate the greatest common factor of 108 and z.
36
Suppose 0 = 2*z + 8 - 134. Let v be ((-8)/5)/((-20)/(-250)). Let h = 27 + v. What is the highest common divisor of z and h?
7
Let x(l) = 2*l**3 - 2*l**2 + 2*l - 1. Let s be x(1). Let o(r) = -r. Let d be o(-4). Let a be 12*s*d/3. Calculate the highest common divisor of a and 64.
16
Let h